{"id":58493,"date":"2022-09-11T15:55:19","date_gmt":"2022-09-11T13:55:19","guid":{"rendered":"https:\/\/www.sapiselco.com\/iniziative\/fondazione-i-bambini-delle-fate\/"},"modified":"2023-11-14T14:05:06","modified_gmt":"2023-11-14T13:05:06","slug":"zusammen-mit-der-stiftung-i-bambini-delle-fate","status":"publish","type":"iniziative","link":"https:\/\/www.sapiselco.com\/de\/iniziative\/zusammen-mit-der-stiftung-i-bambini-delle-fate\/","title":{"rendered":"Zusammen mit der Stiftung \u201cI Bambini delle Fate\u201d"},"content":{"rendered":"<div class=\"wpb-content-wrapper\"><p>[vc_row][vc_column][vc_column_text]<strong>Die Stiftung \u201cBambini delle Fate\u201d<\/strong> finanziert Vereine, K\u00f6rperschaften und Krankenh\u00e4user,<strong> um das Leben von Kindern mit schweren Pathologien zu verbessern<\/strong> und ihre Familien zu unterst\u00fctzen. Die Projekte dieser Non-Profit-Organisation <strong>behandeln die soziale Eingliederung und Rehabilitation von autistischen und behinderten Kindern.<\/strong><\/p>\n<p><strong>Auch im Jahr 2015 beteiligt sich SapiSelco an den Initiativen des Verbandes.<\/strong><\/p>\n<p>Das Projekt f\u00fcr Venetien<strong> wird in Zusammenarbeit<\/strong> mit dem Verband <strong>VIVIAUTISMO Onlus in Padua<\/strong> abgewickelt und finanziert das innovative Projekt \u201c<strong>Centro Specializzato Multisistemico per l\u2019Autismo<\/strong>\u201d (Spezialisiertes Multisystem-Zentrum f\u00fcr Autismus).[\/vc_column_text][vc_single_image image=&#8220;47973&#8243; img_size=&#8220;full&#8220; alignment=&#8220;center&#8220; css_animation=&#8220;fadeIn&#8220; image_hovers=&#8220;false&#8220;][\/vc_column][\/vc_row]<\/p>\n<\/div>","protected":false},"excerpt":{"rendered":"[vc_row][vc_column][vc_column_text]Die Stiftung \u201cBambini delle Fate\u201d finanziert Vereine, K\u00f6rperschaften und Krankenh\u00e4user, um das Leben von Kindern mit schweren Pathologien zu verbessern und ihre Familien zu unterst\u00fctzen. Die Projekte dieser Non-Profit-Organisation behandeln die soziale Eingliederung und Rehabilitation von autistischen und behinderten Kindern. Auch im Jahr 2015 beteiligt sich SapiSelco an den Initiativen des Verbandes. Das Projekt f\u00fcr <a href=\"https:\/\/www.sapiselco.com\/de\/iniziative\/zusammen-mit-der-stiftung-i-bambini-delle-fate\/\" class=\"more-link\">&#8230;<\/a>","protected":false},"featured_media":59119,"template":"","categoria-iniziative":[446],"class_list":["post-58493","iniziative","type-iniziative","status-publish","has-post-thumbnail","hentry","categoria-iniziative-wohltatigkeit"],"acf":[],"_links":{"self":[{"href":"https:\/\/www.sapiselco.com\/de\/wp-json\/wp\/v2\/iniziative\/58493","targetHints":{"allow":["GET"]}}],"collection":[{"href":"https:\/\/www.sapiselco.com\/de\/wp-json\/wp\/v2\/iniziative"}],"about":[{"href":"https:\/\/www.sapiselco.com\/de\/wp-json\/wp\/v2\/types\/iniziative"}],"version-history":[{"count":4,"href":"https:\/\/www.sapiselco.com\/de\/wp-json\/wp\/v2\/iniziative\/58493\/revisions"}],"predecessor-version":[{"id":58504,"href":"https:\/\/www.sapiselco.com\/de\/wp-json\/wp\/v2\/iniziative\/58493\/revisions\/58504"}],"wp:featuredmedia":[{"embeddable":true,"href":"https:\/\/www.sapiselco.com\/de\/wp-json\/wp\/v2\/media\/59119"}],"wp:attachment":[{"href":"https:\/\/www.sapiselco.com\/de\/wp-json\/wp\/v2\/media?parent=58493"}],"wp:term":[{"taxonomy":"categoria-iniziative","embeddable":true,"href":"https:\/\/www.sapiselco.com\/de\/wp-json\/wp\/v2\/categoria-iniziative?post=58493"}],"curies":[{"name":"wp","href":"https:\/\/api.w.org\/{rel}","templated":true}]}}

<div class="wpb-content-wrapper"><p>[vc_row][vc_column][vc_column_text]<strong>Die Stiftung “Bambini delle Fate”</strong> finanziert Vereine, Körperschaften und Krankenhäuser,<strong> um das Leben von Kindern mit schweren Pathologien zu verbessern</strong> und ihre Familien zu unterstützen. Die Projekte dieser Non-Profit-Organisation <strong>behandeln die soziale Eingliederung und Rehabilitation von autistischen und behinderten Kindern.</strong></p>
<p><strong>Auch im Jahr 2015 beteiligt sich SapiSelco an den Initiativen des Verbandes.</strong></p>
<p>Das Projekt für Venetien<strong> wird in Zusammenarbeit</strong> mit dem Verband <strong>VIVIAUTISMO Onlus in Padua</strong> abgewickelt und finanziert das innovative Projekt “<strong>Centro Specializzato Multisistemico per l’Autismo</strong>” (Spezialisiertes Multisystem-Zentrum für Autismus).[/vc_column_text][vc_single_image image=&#8220;47973&#8243; img_size=&#8220;full&#8220; alignment=&#8220;center&#8220; css_animation=&#8220;fadeIn&#8220; image_hovers=&#8220;false&#8220;][/vc_column][/vc_row]</p>
</div>

[vc_row][vc_column][vc_column_text]Die Stiftung “Bambini delle Fate” finanziert Vereine, Körperschaften und Krankenhäuser, um das Leben von Kindern mit schweren Pathologien zu verbessern und ihre Familien zu unterstützen. Die Projekte dieser Non-Profit-Organisation behandeln die soziale Eingliederung und Rehabilitation von autistischen und behinderten Kindern. Auch im Jahr 2015 beteiligt sich SapiSelco an den Initiativen des Verbandes. Das Projekt für <a href="https://www.sapiselco.com/de/iniziative/zusammen-mit-der-stiftung-i-bambini-delle-fate/" class="more-link">&#8230;</a>
