{"id":59159,"date":"2022-11-23T12:16:13","date_gmt":"2022-11-23T11:16:13","guid":{"rendered":"https:\/\/www.sapiselco.com\/iniziative\/spiritus-mundi\/"},"modified":"2023-11-14T12:50:49","modified_gmt":"2023-11-14T11:50:49","slug":"spiritus-mundi","status":"publish","type":"iniziative","link":"https:\/\/www.sapiselco.com\/de\/iniziative\/spiritus-mundi\/","title":{"rendered":"Spiritus <strong>Mundi<\/strong>"},"content":{"rendered":"<div class=\"wpb-content-wrapper\"><p>[vc_row][vc_column width=&#8220;2\/3&#8243;][vc_column_text]<strong>Spiritus Mundi<\/strong> wurde 2016 in Padua mit dem Ziel gegr\u00fcndet, einen Beitrag zur Verbesserung der Umweltbedingungen in der Region zu leisten. Dazu geh\u00f6ren st\u00e4dtische Aufforstungsinitiativen, um die Po-Ebene gr\u00fcner und ges\u00fcnder zu gestalten, <strong>Bildungsaktivit\u00e4ten, um das Bewusstsein<\/strong> und das Verst\u00e4ndnis f\u00fcr die tiefere Bedeutung der Nachhaltigkeit zu sch\u00e4rfen und ein <strong>kollektives Bewusstsein<\/strong> zu f\u00f6rdern, das die Umwelt mehr respektiert.[\/vc_column_text][vc_separator color=&#8220;custom&#8220; align=&#8220;align_left&#8220; border_width=&#8220;2&#8243; el_width=&#8220;30&#8243; css_animation=&#8220;fadeInLeft&#8220; accent_color=&#8220;#00955f&#8220;][vc_column_text]Eines der Mottos von <strong>SapiSelco<\/strong> lautet: \u201e<em>Unser Erfolg basiert auch auf dem Respekt vor der Natur und dem Menschen<\/em>\u201c. Das Unternehmen setzt sich t\u00e4glich daf\u00fcr ein, Ma\u00dfnahmen zu ergreifen, die sich positiv auf die Gemeinschaft und die Region auswirken. Dies beginnt mit der Sensibilisierung der Menschen, die hinter <strong>SapiSelco<\/strong> stehen.<\/p>\n<p>Wir wollten uns der von <strong>Spiritus Mundi<\/strong> gef\u00f6rderten Initiative \u201e<strong>Il Bosco Vivo<\/strong>\u201c anschlie\u00dfen und diese tatkr\u00e4ftig unterst\u00fctzen, weil wir an die Werte der Familie und den Respekt f\u00fcr die Umwelt glauben.[\/vc_column_text][\/vc_column][vc_column width=&#8220;1\/3&#8243;][vc_single_image image=&#8220;58554&#8243; img_size=&#8220;full&#8220; alignment=&#8220;center&#8220;][\/vc_column][\/vc_row][vc_row gap=&#8220;20&#8243;][vc_column width=&#8220;1\/3&#8243;][vc_column_text]<\/p>\n<h3 class=\"p1\">Unser <strong>Erfolg <\/strong>beruht auch auf dem <strong>Respekt <\/strong>gegen\u00fcber <strong>Natur <\/strong>und <strong>Mensch<\/strong>.<\/h3>\n<p>SapiSelco[\/vc_column_text][\/vc_column][vc_column width=&#8220;1\/3&#8243;][vc_column_text]<\/p>\n<p class=\"p1\" style=\"text-align: justify;\">Die <strong>Poebene<\/strong> gilt leider als eines der am st\u00e4rksten verschmutzten <strong>Gebiete in Europa<\/strong>. Ein Gebiet, das urspr\u00fcnglich von einem dichten <strong>Fl\u00e4chenwald<\/strong> bedeckt war, wurde im Laufe der Jahrhunderte immer weiter abgeholzt und machte Platz f\u00fcr eine unkontrollierte Urbanisierung.<\/p>\n<p class=\"p1\" style=\"text-align: justify;\">\u201e<strong>Il Bosco Vivo<\/strong>\u201c ist ein Projekt, das darauf abzielt, verlassene oder ungenutzte Orte zu sanieren und in gr\u00fcne Lungen und Aufenthaltsbereiche zu verwandeln, die der Gemeinschaft zur Verf\u00fcgung stehen sollen.<\/p>\n<p class=\"p1\" style=\"text-align: justify;\">Ein Programm f\u00fcr die Stadterneuerung und die Sanierung der Poebene, aber nicht nur das. Es ist auch eine Unterst\u00fctzung f\u00fcr den Start von p\u00e4dagogischen und praktischen Initiativen, die auf Umweltbewusstsein, soziale Eingliederung und die Aufwertung des Gebiets und der lokalen Kultur abzielen.<\/p>\n<p>[\/vc_column_text][\/vc_column][vc_column width=&#8220;1\/3&#8243;][vc_column_text]<\/p>\n<p class=\"p1\" style=\"text-align: justify;\">Einige der Gebiete, die seit 2016 saniert wurden:<\/p>\n<ul>\n<li>Das Gebiet von <strong>Ponte S. Nicol\u00f2<\/strong>: 8.500 qm beherbergen etwa 1.000 einheimische Str\u00e4ucher.<\/li>\n<li>Das Gebiet von <strong>Polverara<\/strong>: 15.000 qm, bepflanzt mit 2200 Exemplaren.<\/li>\n<li>Das Gebiet von <strong>Albignasego<\/strong>: 25.000 qm innerhalb des Stadtparks, davon 2.000 qm bewaldete Fl\u00e4che und die restlichen Fl\u00e4chen ausgestattet mit F\u00fcnfer-Fu\u00dfballfeldern, Basketballpl\u00e4tzen und Spielpl\u00e4tzen f\u00fcr Kinder.<\/li>\n<li>Das Gebiet von <strong>Limena<\/strong>: 24.000 qm und 1250 Pflanzen.<\/li>\n<li>Das Gebiet von <strong>Legnaro<\/strong>: 35.000 qm sind mit 1.000 Pflanzen 10 verschiedener Arten bepflanzt, darunter B\u00e4ume und Str\u00e4ucher.<\/li>\n<\/ul>\n<p>[\/vc_column_text][\/vc_column][\/vc_row]<\/p>\n<\/div>","protected":false},"excerpt":{"rendered":"[vc_row][vc_column width=&#8220;2\/3&#8243;][vc_column_text]Spiritus Mundi wurde 2016 in Padua mit dem Ziel gegr\u00fcndet, einen Beitrag zur Verbesserung der Umweltbedingungen in der Region zu leisten. Dazu geh\u00f6ren st\u00e4dtische Aufforstungsinitiativen, um die Po-Ebene gr\u00fcner und ges\u00fcnder zu gestalten, Bildungsaktivit\u00e4ten, um das Bewusstsein und das Verst\u00e4ndnis f\u00fcr die tiefere Bedeutung der Nachhaltigkeit zu sch\u00e4rfen und ein kollektives Bewusstsein zu f\u00f6rdern, <a href=\"https:\/\/www.sapiselco.com\/de\/iniziative\/spiritus-mundi\/\" class=\"more-link\">&#8230;<\/a>","protected":false},"featured_media":58565,"template":"","categoria-iniziative":[],"class_list":["post-59159","iniziative","type-iniziative","status-publish","has-post-thumbnail","hentry"],"acf":[],"_links":{"self":[{"href":"https:\/\/www.sapiselco.com\/de\/wp-json\/wp\/v2\/iniziative\/59159","targetHints":{"allow":["GET"]}}],"collection":[{"href":"https:\/\/www.sapiselco.com\/de\/wp-json\/wp\/v2\/iniziative"}],"about":[{"href":"https:\/\/www.sapiselco.com\/de\/wp-json\/wp\/v2\/types\/iniziative"}],"version-history":[{"count":4,"href":"https:\/\/www.sapiselco.com\/de\/wp-json\/wp\/v2\/iniziative\/59159\/revisions"}],"predecessor-version":[{"id":59175,"href":"https:\/\/www.sapiselco.com\/de\/wp-json\/wp\/v2\/iniziative\/59159\/revisions\/59175"}],"wp:featuredmedia":[{"embeddable":true,"href":"https:\/\/www.sapiselco.com\/de\/wp-json\/wp\/v2\/media\/58565"}],"wp:attachment":[{"href":"https:\/\/www.sapiselco.com\/de\/wp-json\/wp\/v2\/media?parent=59159"}],"wp:term":[{"taxonomy":"categoria-iniziative","embeddable":true,"href":"https:\/\/www.sapiselco.com\/de\/wp-json\/wp\/v2\/categoria-iniziative?post=59159"}],"curies":[{"name":"wp","href":"https:\/\/api.w.org\/{rel}","templated":true}]}}

<div class="wpb-content-wrapper"><p>[vc_row][vc_column width=&#8220;2/3&#8243;][vc_column_text]<strong>Spiritus Mundi</strong> wurde 2016 in Padua mit dem Ziel gegründet, einen Beitrag zur Verbesserung der Umweltbedingungen in der Region zu leisten. Dazu gehören städtische Aufforstungsinitiativen, um die Po-Ebene grüner und gesünder zu gestalten, <strong>Bildungsaktivitäten, um das Bewusstsein</strong> und das Verständnis für die tiefere Bedeutung der Nachhaltigkeit zu schärfen und ein <strong>kollektives Bewusstsein</strong> zu fördern, das die Umwelt mehr respektiert.[/vc_column_text][vc_separator color=&#8220;custom&#8220; align=&#8220;align_left&#8220; border_width=&#8220;2&#8243; el_width=&#8220;30&#8243; css_animation=&#8220;fadeInLeft&#8220; accent_color=&#8220;#00955f&#8220;][vc_column_text]Eines der Mottos von <strong>SapiSelco</strong> lautet: „<em>Unser Erfolg basiert auch auf dem Respekt vor der Natur und dem Menschen</em>“. Das Unternehmen setzt sich täglich dafür ein, Maßnahmen zu ergreifen, die sich positiv auf die Gemeinschaft und die Region auswirken. Dies beginnt mit der Sensibilisierung der Menschen, die hinter <strong>SapiSelco</strong> stehen.</p>
<p>Wir wollten uns der von <strong>Spiritus Mundi</strong> geförderten Initiative „<strong>Il Bosco Vivo</strong>“ anschließen und diese tatkräftig unterstützen, weil wir an die Werte der Familie und den Respekt für die Umwelt glauben.[/vc_column_text][/vc_column][vc_column width=&#8220;1/3&#8243;][vc_single_image image=&#8220;58554&#8243; img_size=&#8220;full&#8220; alignment=&#8220;center&#8220;][/vc_column][/vc_row][vc_row gap=&#8220;20&#8243;][vc_column width=&#8220;1/3&#8243;][vc_column_text]</p>
<h3 class="p1">Unser <strong>Erfolg </strong>beruht auch auf dem <strong>Respekt </strong>gegenüber <strong>Natur </strong>und <strong>Mensch</strong>.</h3>
<p>SapiSelco[/vc_column_text][/vc_column][vc_column width=&#8220;1/3&#8243;][vc_column_text]</p>
<p class="p1" style="text-align: justify;">Die <strong>Poebene</strong> gilt leider als eines der am stärksten verschmutzten <strong>Gebiete in Europa</strong>. Ein Gebiet, das ursprünglich von einem dichten <strong>Flächenwald</strong> bedeckt war, wurde im Laufe der Jahrhunderte immer weiter abgeholzt und machte Platz für eine unkontrollierte Urbanisierung.</p>
<p class="p1" style="text-align: justify;">„<strong>Il Bosco Vivo</strong>“ ist ein Projekt, das darauf abzielt, verlassene oder ungenutzte Orte zu sanieren und in grüne Lungen und Aufenthaltsbereiche zu verwandeln, die der Gemeinschaft zur Verfügung stehen sollen.</p>
<p class="p1" style="text-align: justify;">Ein Programm für die Stadterneuerung und die Sanierung der Poebene, aber nicht nur das. Es ist auch eine Unterstützung für den Start von pädagogischen und praktischen Initiativen, die auf Umweltbewusstsein, soziale Eingliederung und die Aufwertung des Gebiets und der lokalen Kultur abzielen.</p>
<p>[/vc_column_text][/vc_column][vc_column width=&#8220;1/3&#8243;][vc_column_text]</p>
<p class="p1" style="text-align: justify;">Einige der Gebiete, die seit 2016 saniert wurden:</p>
<ul>
<li>Das Gebiet von <strong>Ponte S. Nicolò</strong>: 8.500 qm beherbergen etwa 1.000 einheimische Sträucher.</li>
<li>Das Gebiet von <strong>Polverara</strong>: 15.000 qm, bepflanzt mit 2200 Exemplaren.</li>
<li>Das Gebiet von <strong>Albignasego</strong>: 25.000 qm innerhalb des Stadtparks, davon 2.000 qm bewaldete Fläche und die restlichen Flächen ausgestattet mit Fünfer-Fußballfeldern, Basketballplätzen und Spielplätzen für Kinder.</li>
<li>Das Gebiet von <strong>Limena</strong>: 24.000 qm und 1250 Pflanzen.</li>
<li>Das Gebiet von <strong>Legnaro</strong>: 35.000 qm sind mit 1.000 Pflanzen 10 verschiedener Arten bepflanzt, darunter Bäume und Sträucher.</li>
</ul>
<p>[/vc_column_text][/vc_column][/vc_row]</p>
</div>

[vc_row][vc_column width=&#8220;2/3&#8243;][vc_column_text]Spiritus Mundi wurde 2016 in Padua mit dem Ziel gegründet, einen Beitrag zur Verbesserung der Umweltbedingungen in der Region zu leisten. Dazu gehören städtische Aufforstungsinitiativen, um die Po-Ebene grüner und gesünder zu gestalten, Bildungsaktivitäten, um das Bewusstsein und das Verständnis für die tiefere Bedeutung der Nachhaltigkeit zu schärfen und ein kollektives Bewusstsein zu fördern, <a href="https://www.sapiselco.com/de/iniziative/spiritus-mundi/" class="more-link">&#8230;</a>
